s. Let c = s - 53. Suppose 0 = 3*q - 5*y - 148, 6*q + 2*y = 4*q + c. What is the units digit of q?
6
Let k be 2/(-5)*(-3 - 1*-8). Let h(n) = 5*n**3 + 4*n + 3. Let g be h(k). Let v = g + 121. What is the units digit of v?
6
What is the units digit of (-4 + (20136/20 - 8))/((-4)/(-30))?
1
Suppose -x - 14 = -5*q, -3*q = -3 - 0. Let t(m) = 5*m + 94. What is the units digit of t(x)?
9
What is the tens digit of (48/(-7))/((-1 - -5)*54/(-572292))?
6
Let h(z) = -9*z + 62. Let q be h(7). What is the hundreds digit of (q + (-1420)/4)*-4?
4
Let w = 21840 + -5099. What is the ten thousands digit of w?
1
Let z(n) = -n**2 + 22*n - 57. Let r be z(19). Suppose -10*t + 33*t - 6348 = r. What is the hundreds digit of t?
2
Let o(f) = -f**3 - f**2 + 2*f - 2. Let v(s) = -31*s**3 + 3*s**2 - 10*s + 22. Let d(z) = 6*o(z) + v(z). What is the hundreds digit of d(-2)?
2
Suppose 38*b - 64251 + 7308 = 231971. What is the hundreds digit of b?
6
Let y(k) = 2*k**3 + k**2 - k + 3. Let v be y(3). Let c = 147 - 118. Let f = v + c. What is the tens digit of f?
9
Let k(h) = 2*h + 18. Suppose 3*g = -29 + 2. Let a(i) = i**3 + 9*i**2 + 2*i + 18. Let t be a(g). What is the tens digit of k(t)?
1
Let f be -5*(-648)/(-60)*1/(-3). What is the hundreds digit of ((-1060)/(-80) - (-1)/4)*f?
2
Let c(l) = -27*l + 12. Let i(u) = -3*u. Let p(w) = 3*c(w) - 24*i(w). Let b be p(17). Let q = b - -229. What is the units digit of q?
2
Let u(i) = i**2 - 6*i + 9. Let f be u(5). Suppose 8 = 2*l + f*o, 3*o = -2*l + 1 + 6. Suppose -2*w = l*w - 296. What is the units digit of w?
4
Let i = 4209 - -26498. What is the tens digit of i?
0
Suppose 3*x - 73 + 85 = 0. What is the tens digit of (4 - 804/x)*(-10)/(-25)?
8
Suppose -109*s + 3375569 = 106*s + 155514. What is the hundreds digit of s?
9
Let r(k) = -k**2 - 8*k - 17. Let g = 100 - 104. Let o be r(g). What is the hundreds digit of -1977*2/(-18) + o/(-3)?
2
Let m(p) = 22*p**3 + 8*p - 5. Suppose -x + 2*s - 1 = -4*x, 5*x - 4*s = 31. What is the hundreds digit of m(x)?
6
Let c be (-2002)/1*1/(-2). Let h = c + -103. What is the tens digit of h?
9
Let q = -2171 + 4417. What is the thousands digit of q?
2
Let h = -27 - -51. Suppose h = -3*v + 18. What is the hundreds digit of 4960/48 - v/(-6)?
1
Let t(v) = -3*v**3 + 10*v**2 + 53*v + 1. What is the hundreds digit of t(-8)?
7
Let x(j) be the first derivative of -215*j**2/2 - 4*j + 33. What is the hundreds digit of x(-2)?
4
Let c be (5/(-2) + 3)*2*9. Suppose c*w = 4*w - 100. Let o = w - -71. What is the units digit of o?
1
What is the thousands digit of (-196)/441*(-78282)/4?
8
What is the hundreds digit of 8209/9 + 182/63 + -3?
9
Suppose -13 = -a - 17. Let d be 704*(36/(-8) - a). What is the tens digit of (d/(-7))/2 - 9/63?
2
Suppose 0 = 62*c + 26*c - 20*c - 877676. What is the ten thousands digit of c?
1
Suppose 221*p - 151232 = 189*p. What is the thousands digit of p?
4
Let k(w) be the second derivative of w**3/3 - 7*w**2/2 + 8*w. Let m be k(14). Suppose -2*v - 2*v - m = -3*j, 3*j + 3*v - 42 = 0. What is the units digit of j?
1
Suppose -5*y - 10 = 0, -2*v + 3*y - 7 = 3. What is the tens digit of (274 - -15) + v/(-2)?
9
Suppose -2816 = -2*s + 2*f, -4*s + 3*f + 5665 = 34. What is the hundreds digit of s?
4
Let u be 1 + -1 + 15 + 0. Let d be ((-10)/u)/(3/(-468)). Suppose -482 = -2*o - d. What is the tens digit of o?
8
Suppose -33*t - 1470 = -38*t. Suppose 0 = -2*y - y + t. What is the tens digit of -1 - (4 - (0 + y))?
9
Let c be (2 - 0)*3/2. Suppose 0 = c*g - 6, 2*o + 5*g = -2*o + 26. Suppose p + p - 110 = 5*q, 0 = -o*p - q + 264. What is the units digit of p?
5
Suppose y + 3*d = -28, -2*y - 5*d - 8 = 43. What is the hundreds digit of 13/(y/(-784)) + -5?
7
Let h = 6 + -76. Let y = h + 88. What is the units digit of (-344)/(-10) - y/(-30)?
5
What is the tens digit of 39755/((-12)/168*-14)?
5
Suppose -302648 + 68748 = -10*h. What is the tens digit of h?
9
Let w(f) = -f**2 - 9*f + 2. Let d be w(-9). Suppose 0 = -4*i - 3*j + d*j - 4, -3*i + 4 = -j. Suppose 5*r - 4*r - 164 = i. What is the hundreds digit of r?
1
Let d(g) = -7*g - 66. Let f(p) = -8*p - 63. Let a(q) = 2*d(q) - 3*f(q). What is the units digit of a(-5)?
7
Suppose -7033719 = -93*i - 1660737. What is the hundreds digit of i?
7
Let t(c) = -c + 53. Let x(k) = 3*k - 161. Let v(n) = -17*t(n) - 6*x(n). What is the tens digit of v(-4)?
6
Let v = -59 + 64. Let n(x) = 129*x + 3 + v - 31*x. What is the tens digit of n(1)?
0
Suppose -46388 = -4*k + g, 57996 = 5*k + 27*g - 31*g. What is the units digit of k?
6
Suppose -136*d - 235591 = -5645127. What is the units digit of d?
6
Let b be 2/(3/((-72)/16)). Let x(d) = 93*d**2. Let n be x(-3). What is the units digit of (2/b)/((-9)/n)?
2
Suppose 24*y = 5*y + 64*y - 1898100. What is the units digit of y?
0
Let f = -11665 + 18788. What is the tens digit of f?
2
Let y = -56477 - -84983. What is the hundreds digit of y?
5
Suppose 4*x + 0*x + m - 9721 = 0, 5*x = -m + 12151. What is the tens digit of x?
3
Suppose 0*b + 3*x + 20 = -b, x = 5*b + 36. Let n(j) = -24*j - 18. Let d(g) = 24*g + 17. Let w(t) = -5*d(t) - 4*n(t). What is the hundreds digit of w(b)?
1
Let s = 24 + -21. Let g be -3 - -6*s/6. Suppose 0 = -m - 3*m - 2*r + 78, -5*m - 2*r + 99 = g. What is the units digit of m?
1
Suppose 3*h = -p + 1554, 6*p - p + 4*h - 7770 = 0. Let o = 2641 - p. What is the units digit of o?
7
Let m be (1/(-2))/(1/12). Let z = -3564 - -3566. What is the units digit of z/m + 3283/21?
6
Let w = -325 + 626. Let z be w - (3 + -2 + -1). Suppose 5*d + l - z = -2*l, 0 = l + 3. What is the tens digit of d?
6
Let i(v) = 24*v + 39. Let z be i(11). Let q = z + -185. What is the tens digit of q?
1
Let a = -104980 - -147420. What is the units digit of a?
0
Suppose -3*t + 3*w + 24618 = 0, -78*w + 83*w + 25 = 0. What is the hundreds digit of t?
2
Let m be -2064*243/(-45) - 4/(-10). Suppose 36*c + m = 51286. What is the hundreds digit of c?
1
Let q(p) = -6*p + 111. Let h be q(-12). Let j = h - -929. What is the units digit of j?
2
Suppose -1229*g - 692427 = -1246*g. What is the units digit of g?
1
Let u = 34 + -31. Let l = -106 + 114. Suppose l*z - u*z - 585 = 0. What is the hundreds digit of z?
1
Let f be 1*304 - (-7 - (-1 - 6)). Let g = -34 + 39. Suppose 640 = 4*k + 2*d, 5*k - f = 3*k - g*d. What is the tens digit of k?
6
Let h be (-2)/(-11) - (1 - (-58224)/66). Let j = -486 - h. What is the tens digit of j?
9
Let s(f) = -f**3 + f**2. Let w(o) = -5*o**3 + o**2 - o - 9. Let h(r) = -4*s(r) + w(r). Let d be h(-4). What is the tens digit of (-1)/2*(-5170)/d?
3
Let d(s) = 94*s**2 + 5*s + 116. Let i(z) = 23*z**2 + z + 29. Let r(l) = -2*d(l) + 9*i(l). What is the tens digit of r(-6)?
1
Let d be -5 + 8 - 2/(0 - -2). Let o be d*1*7/(-28)*280. What is the units digit of (o/(-21))/((-4)/(-30))?
0
Let r be (-21)/14 + 91/14. Let t(a) = 69*a - 85. What is the hundreds digit of t(r)?
2
Suppose 92*x - 95*x = -6. Let k be 44/(-22) - (-44)/x. What is the units digit of (k/12 + -1)/((-4)/(-54))?
9
Let z(w) = 164*w**2 + 2*w + 28. Let r be z(-3). Suppose -7*l + 2*l = x - r, 2*l = -5*x + 590. What is the tens digit of l?
0
Let b(r) = -r**3 + 6*r**2 + 2*r + 6. Let n be b(6). Suppose -n = -g + 15. What is the tens digit of g?
3
Let w(o) = o**3 - 12*o**2 + 15*o + 15. Let p be w(11). Suppose -19 = 4*l - p. Suppose -104 = -a - l. What is the tens digit of a?
9
Let m(t) = -1. Let o(s) = -21*s + 34. Let q(y) = 3*m(y) - o(y). Let x(f) = 43*f - 75. Let j(a) = -9*q(a) + 4*x(a). What is the hundreds digit of j(-4)?
1
Let x(n) = 5*n**2 - 20*n + 15. Let d(o) = 6*o**2 - 21*o + 14. Let m(t) = 4*d(t) - 5*x(t). Suppose z - 2*z = -13. What is the units digit of m(z)?
0
Suppose -l + 3*c - 30 = 0, 3*l + 99*c + 76 = 101*c. What is the thousands digit of (-25875)/l + 23/(-184)?
1
Suppose -127*y + 153*y + 24685 = 232867. What is the hundreds digit of y?
0
Suppose 0 = -62*f + 131*f + 13802 + 20008. Suppose -2593 + 349 = 3*w - 4*k, 3*k = 0. Let z = f - w. What is the hundreds digit of z?
2
Let k = -197 + 194. What is the hundreds digit of (-1 - k)/((1/(-236))/(-1))?
4
Suppose 4*v + 2*a + a = 1, 5*v - 15 = -a. Let l be (1 - 147) + 0/v. Let c = l - -282. What is the tens digit of c?
3
Let m be 98/(-14)*(1 - 0). Let h(w) = -w**3 - 4*w**2 - 4*w - 15. Let g be h(m). Suppose -3*b - g + 685 = 0. What is the h